he highest common divisor of 64 and i.
8
Let j = 2 - 0. Suppose 5*o - 20 = -j*t, -4*t - o - 6 = -28. Suppose 4*n = y + 218, -3*y + 283 = 5*n + y. What is the highest common divisor of t and n?
5
Suppose 0 = 4*p - 2*b - 22, -2*p + 3*b + 9 = -0*b. Let n be (-108)/16*(-16)/p. Let r = -2 + 4. What is the highest common factor of r and n?
2
Let s be (-2 + (1 - 2))*-1. Suppose -3*b = -0 - s. Let g(n) = 11*n + 1. Let y be g(b). What is the greatest common factor of y and 36?
12
Let f(l) = -11*l - 209. Let g be f(-37). Let c = 4 - 2. Let b be 4/(-3*c/(-33)). What is the greatest common factor of b and g?
22
Let i(g) = 21*g - 5. Let l be i(2). What is the greatest common divisor of 148 and l?
37
Let m(a) = -a**3 - 3*a**3 + 2*a + 3*a**2 - 2 - a**2. Let g be m(-2). Let d be 1*(-170)/(0 + -2). What is the highest common divisor of g and d?
17
Let o = 1 - 3. Let g be o/((-4)/30 - 0). Suppose 0*p + 3*p - 3*w - 69 = 0, 3*w = p - g. Calculate the greatest common divisor of p and 9.
9
Let o = 9 - 5. Suppose -4*n - 12 = 0, -n - 8 = -3*w + o. Suppose -3*k + 9 = -w. Calculate the highest common divisor of 20 and k.
4
Let j(s) = -s - 1. Let q be j(-5). Let t = -29 - -41. What is the greatest common factor of q and t?
4
Let i(y) be the first derivative of -y**4/4 + 13*y**3/3 + 8*y**2 - 16*y + 5. Let o be i(14). What is the highest common divisor of o and 12?
12
Let w(j) = j**2 - 4*j + 3. Let k(y) = -y. Let t(a) = -3*k(a) - w(a). Let f be t(5). Calculate the greatest common factor of 77 and f.
7
Suppose -2*l = -3*l - n + 37, -5*l + 2*n = -157. What is the greatest common factor of l and 264?
33
Let s(p) = 3*p**2 + p + 1. Suppose -4 + 2 = 2*f. Let u be s(f). Calculate the greatest common divisor of 15 and u.
3
Suppose 5*q + 3*d = 6, -3*q - 4*d = -5*d + 2. Suppose q*t = 2*t - 150. Let l = -40 + t. Calculate the highest common factor of l and 7.
7
Suppose n - 66 = -5*n. Calculate the highest common factor of 187 and n.
11
Let a(y) = 2*y - 7. Let r be a(6). Suppose 5*u + 12 = 3*j - j, r*j - 2*u - 9 = 0. Suppose -3*p - p = -4. What is the greatest common factor of j and p?
1
Let y be 268/(-6)*9/(-6). Suppose 2 = -5*a + y. Calculate the highest common factor of a and 39.
13
Let k be 1135/30 + (-5)/(-30). What is the highest common divisor of 190 and k?
38
Let j be 28/5*(-60)/(-24). What is the greatest common divisor of j and 14?
14
Suppose 15*n = 18*n - 294. Let g be 1/2 + n/4. Let b be 1*(-4 - 1)*-1. Calculate the greatest common factor of b and g.
5
Let d(c) = c**2 - 9*c - 7. Let g be d(10). Suppose 3*b - 15 + g = 0. What is the highest common divisor of 36 and b?
4
Suppose 0 = -3*q + 5*q + 12. Let r(u) be the third derivative of -u**4/24 + u**3/3 - 2*u**2. Let w be r(q). Calculate the greatest common factor of 64 and w.
8
Let l(s) = s - 2 + 1 + 2. Let u be l(-7). Let c be u/(-3) - -2 - -2. What is the highest common divisor of 6 and c?
6
Let p = 28 + -13. Suppose -f - 2*s + 15 = 4, -4*f - 5*s = -29. Suppose -3*v = f - 10. What is the greatest common divisor of v and p?
3
Suppose 0 = 8*w - 4*w - 372. Let v = -59 + w. Calculate the greatest common divisor of v and 17.
17
Suppose 0 = a - 2*a. Suppose a = -c + 2*c. Suppose 4*d - d - 33 = c. Calculate the highest common divisor of 11 and d.
11
Suppose 61 = -5*a + 321. What is the highest common factor of 78 and a?
26
Let c = 0 + -1. Let l = 4 + c. Suppose -4*q + 41 = -91. Calculate the highest common divisor of l and q.
3
Let j(o) = o**2 - 2*o - 3. Let u be j(-4). Let r be 2/((-6)/9) + u. What is the highest common divisor of 126 and r?
18
Let a be (-54)/4*36/(-27). Calculate the greatest common factor of a and 90.
18
Suppose 0*o - 14 = -o - 2*w, -o + w = 1. Calculate the highest common factor of o and 8.
4
Let g = 24 - 9. Calculate the greatest common divisor of 6 and g.
3
Let q(t) = t**2 + 4*t + 3. Let i be q(-7). Let k be 176/14 + (-32)/56. What is the greatest common factor of i and k?
12
Let c = -4 + 10. Suppose 0 = 2*o - c*o + 120. What is the greatest common factor of 6 and o?
6
Let v(y) = y**2 - 4*y + 3. Let r be v(6). Let g be (-58)/(-6) - 6/(-18). Calculate the highest common divisor of g and r.
5
Let l(f) = 106*f. Let h be l(-1). Let x be h/(-10) - 8/(-20). Suppose -2*q + 47 = x. What is the highest common divisor of 2 and q?
2
Let i = 27 - 13. What is the highest common divisor of i and 4?
2
Let s = 103 + -43. Calculate the greatest common factor of 150 and s.
30
Suppose -4 = -b - 0*b + 2*d, 0 = b + d - 16. Let v be 7 - 2 - (5 + -4). Suppose -v*g = -25 - 23. Calculate the greatest common divisor of g and b.
12
Let j be 59 - -2 - (-1 - -4). What is the greatest common divisor of j and 29?
29
Let f = 12 + -75. Let b be 270/f*(1 + -8). What is the greatest common factor of b and 10?
10
Let r = 18 + -5. Let m(f) = 2*f**2 - 3*f - 4. Let s be m(4). Suppose 5*i + s = 146. Calculate the highest common divisor of i and r.
13
Let z(i) = -110*i. Let f = -20 - -18. Let o be z(f). Calculate the highest common factor of o and 20.
20
Suppose 2*r + 7 = 5*r + 4*f, -5 = f. What is the highest common factor of r and 36?
9
Let i = 19 + 0. Calculate the highest common divisor of 133 and i.
19
Let k(d) = -323*d - 19. Let w(f) = 81*f + 5. Let m(b) = -5*k(b) - 19*w(b). Let y be m(2). Calculate the greatest common factor of y and 19.
19
Let n(v) = 83*v**3 + v**2 - 4*v + 4. Let y be n(1). Calculate the highest common factor of 56 and y.
28
Suppose 2*h = -2*h + 204. What is the greatest common divisor of h and 17?
17
Let r(z) = 10*z**2 + z. Let b be r(1). What is the greatest common factor of 55 and b?
11
Suppose 2*h - 90 = 2*t - 5*t, 0 = 3*t - 6. Let i(a) = 5*a + 8. Let z be i(-6). Let d = -16 - z. What is the highest common divisor of d and h?
6
Let n be (-4*5)/(-1) - 1. Let f = n + -8. Calculate the greatest common divisor of f and 22.
11
Suppose f + 0*f = 11. Calculate the highest common factor of 22 and f.
11
Suppose -4 = -4*b, 769 = -0*i - 5*i + 4*b. Let m be i*-2*(-2)/(-4). What is the greatest common factor of m and 17?
17
Suppose -3*p + 2*y + 76 = p, 13 = p - 2*y. Let v = p + 9. Let r = 258 - 252. What is the highest common factor of r and v?
6
Suppose -220 = -2*z - 3*z. What is the greatest common divisor of 11 and z?
11
Let w(q) = q + 8. Let f be w(0). Calculate the greatest common factor of 20 and f.
4
Suppose 0 = 3*t + 8 - 2, -5*t + 206 = 2*j. What is the greatest common divisor of 12 and j?
12
Suppose 3*w - 40 = 20. Let m be (-4)/(-6) + (-4)/(-3). Suppose m*x - 90 = -x. What is the highest common factor of x and w?
10
Let v(i) be the first derivative of i**3/3 - 5*i**2 + 15*i + 3. Let b be v(11). What is the greatest common divisor of 26 and b?
26
Let g = -10 + 13. What is the highest common factor of 9 and g?
3
Let j be 1*(-1 + 36)/5. What is the greatest common factor of j and 35?
7
Let u(c) = c**2 - 5*c + 4. Let y be u(7). Let n be (-2)/(-16)*4*6. Suppose -n*a + 296 = 26. What is the highest common divisor of y and a?
18
Let l = 1 + -1. Let v(i) = -i. Let w be v(l). Suppose -b - 4*d + 21 = w, 0 = -2*b - 3*d + 24 + 18. What is the highest common factor of 14 and b?
7
Let f(y) = y**3 + 7*y**2 - y - 1. Let v be f(-7). Suppose -v*h + h = -45. Calculate the greatest common factor of h and 54.
9
Let t(h) be the third derivative of -h**6/120 - h**5/20 - h**4/6 - 5*h**3/3 + 8*h**2. Let q be t(-4). What is the greatest common factor of q and 11?
11
Let g = 2 + 8. Calculate the highest common factor of g and 25.
5
Let v(d) = -d**3 - 11*d**2 + 7*d + 12. Let q be v(-12). What is the highest common factor of q and 48?
24
Let c(o) = 27*o**2. Let f be c(-2). Let j = -68 + f. Calculate the highest common factor of 5 and j.
5
Let q(z) = z. Let r be q(1). Let c be 28*(1 + r/(-7)). Let v(h) = h**3 - 4*h**2 + 3*h - 6. Let a be v(4). What is the highest common factor of c and a?
6
Suppose 0 = -4*q - 5*m - 1, -2*q = 4*m + 8. Calculate the highest common factor of 48 and q.
6
Suppose 2*a - 7*a = -10. Suppose 5*y - a*w - 62 = -5*w, w = y - 14. What is the greatest common factor of y and 104?
13
Let n(q) be the second derivative of q**4/12 + q**3/3 + 4*q**2 + 2*q. Let r be n(-6). Suppose 0 = -a + 55 + 25. Calculate the greatest common factor of a and r.
16
Let k(m) be the second derivative of -m**5/10 - m**4/4 + m**3/2 - 2*m**2 + m. Let u =